*3 - 10*r**2 - 9*r + 1. What is the remainder when k(11) is divided by 12?
11
Let u = 10 - -1. Suppose -21 = -2*y + y. Suppose -4*i + 3*i = -y. What is the remainder when i is divided by u?
10
Suppose 0 = 3*p - 2*t - 356, -5*t + 6*t = p - 119. Calculate the remainder when p is divided by 30.
28
Let z = 12 - 1. Suppose -2*a = 7 - 13. Calculate the remainder when z is divided by a.
2
Let p(u) = -5*u + 1. Let h be p(-3). Suppose 2 = -2*c + h. Calculate the remainder when c is divided by 3.
1
Let f = -42 + 94. Let r = -13 + 22. What is the remainder when f is divided by r?
7
Let s be 25/2 + 1/(-2). What is the remainder when 1*s - 12/(-6) is divided by 4?
2
Suppose -7*r - 340 = -12*r. Calculate the remainder when r is divided by 18.
14
Let m(b) = -b**3 + 3*b**2 + b + 2. What is the remainder when 10 is divided by m(3)?
0
Let h(x) = 5*x + 4. Suppose 5*s + 29 = 2*z - 43, -z + 3*s + 36 = 0. What is the remainder when z is divided by h(3)?
17
Suppose 3*y = -n - 2*y - 7, -3*y = -2*n + 25. What is the remainder when 36 is divided by n?
4
Suppose -4*r + 248 = 4*y, -r - 2*y = 2*r - 183. Suppose -2*l + 3*w + 31 + 11 = 0, 4*w - r = -5*l. Calculate the remainder when 56 is divided by l.
11
Let n(p) = -p**2 - 9*p + 11. Let u be n(-9). Let a(g) = -2*g**3 - 1. Let k be a(-1). Let i = u + k. What is the remainder when 34 is divided by i?
10
Let p(l) = -l**2 + 6*l - 1. Suppose -4 = 2*j + 4*s, 4*j + 0*j - 16 = -2*s. What is the remainder when j is divided by p(5)?
2
Suppose 4*q = h - 5 - 8, -q + 52 = 4*h. What is the remainder when 49 is divided by h?
10
Let t = -55 + 104. Suppose -5*b + t = 2*b. Calculate the remainder when b is divided by 2/(-4*(-1)/10).
2
Let f = -7 - -9. Suppose f*w = 7*w - 190. Calculate the remainder when w is divided by 20.
18
Let r = 210 - 191. Calculate the remainder when r is divided by 4.
3
Suppose -m - 69 = -5*v, 5*m - 14 + 60 = 2*v. Suppose 4*f - 6*f = -y - 159, 0 = 3*f - 2*y - 239. Let z = f + -55. Calculate the remainder when z is divided by v.
11
Calculate the remainder when -92*((-7)/2)/7 is divided by 18.
10
Let u = 14 - 16. Let s = u + 22. What is the remainder when 79 is divided by s?
19
Suppose 0*r - 2*r = -50. Let c = -10 - -20. Suppose -20 = -b - t + c, -5*t = r. What is the remainder when b is divided by 18?
17
Let p = -13 + 21. Let a = 12 + -2. What is the remainder when a is divided by 50/p - (-3)/(-12)?
4
Suppose 3 = 2*v - v. Let l(f) = -4*f - 1. Let n be l(-1). Suppose n*w = -3*m + 39, 0 = -m - 5*w + 16 - v. Calculate the remainder when m is divided by 7.
6
Suppose 0 = -2*y - 2*y - 12, 0 = -4*k + 2*y + 394. Calculate the remainder when k is divided by 25.
22
Let s(g) = -2*g. Let i be s(-7). Let b = i + -3. Let v = 26 + b. Calculate the remainder when v is divided by 13.
11
Suppose -1 = l + 6*a - 3*a, -l - 2*a = 0. Suppose -4*v - 2*m = -6, 0 = 3*v + l*m - 6*m - 10. What is the remainder when v is divided by 1?
0
Let y be (-3)/(1 - (-16)/(-15)). Suppose y + 19 = 4*o. Calculate the remainder when 7/(-21)*-3 + (2 - -42) is divided by o.
13
Let v = 4 - 4. Suppose v = m - 7 - 1. What is the remainder when 3*(0 - 44/(-6)) is divided by m?
6
Suppose 0 + 1 = k. Let h(f) = -7 + 6*f + 8 + 2*f - 3*f. What is the remainder when 11 is divided by h(k)?
5
Suppose 2*n + 152 = 10*n. Calculate the remainder when n is divided by 5.
4
Let j(u) = -u**2 + 11*u + 35. What is the remainder when j(13) is divided by 5?
4
Let z = -94 + 168. Calculate the remainder when z is divided by 19.
17
Suppose -3*a + 105 = 27. What is the remainder when a is divided by 4?
2
Suppose 4*o - 18 - 6 = 0. Let j(q) = q**2 + 6*q + 3. Let s be j(-5). Let v = o + s. What is the remainder when 6 is divided by v?
2
Suppose 1362 = 4*x - x. Suppose 5*n - 136 = x. Calculate the remainder when n is divided by 30.
28
Let x(d) = -d**2 - 8*d - 6. Calculate the remainder when 58 is divided by x(-6).
4
Suppose 143 = 3*a + 41. Let d be 1/(-1) + 33 + -1. Let v = -13 + d. Calculate the remainder when a is divided by v.
16
What is the remainder when -1*(-16)/(-4) + 10 is divided by 3?
0
Suppose 15 = s - 3*r, 2*r = -s - 0 + 5. What is the remainder when 124 is divided by s?
7
Let t = 43 + -28. Suppose -t = -2*g - 3*g. What is the remainder when g is divided by 3?
0
Let j = 111 + -82. What is the remainder when j is divided by 17?
12
Suppose 2*t + t + 9 = 3*u, -u - 9 = -5*t. Suppose 64 = -u*k + 10*k. What is the remainder when k is divided by 10?
6
Suppose -4*r = -0*r - 124. Calculate the remainder when r is divided by 16.
15
Let p(u) be the first derivative of -9/4*u**4 - u**2 - 4/3*u**3 + u + 2. What is the remainder when p(-2) is divided by 21?
19
Let o(x) = -2*x - 9. Let t be o(-6). Suppose 0 = 4*q + 5*a - 26, -3*q + t*a + 48 = 15. Calculate the remainder when q is divided by -2 + 1 - 1*-6.
4
Let c(b) be the first derivative of -3*b**2 + 3*b + 29. Suppose -1 = -2*n - 7. What is the remainder when c(n) is divided by 12?
9
Suppose -q + 2*q + 2 = 0. Let s = q + 5. Calculate the remainder when (-4)/(-12) - 23/(-3) is divided by s.
2
Let o(b) = 3*b. Suppose 0*q - 4*q = -12. Calculate the remainder when 25 is divided by o(q).
7
Suppose 0 = 2*l + 2*u - 38, 0 = 3*l + u - 0*u - 61. Suppose h - 322 - 2 = -4*s, -5*s - 4*h + 405 = 0. What is the remainder when s is divided by l?
18
Let m(x) = x**3 + 8*x**2 + 9*x + 2. Let r be m(-6). Calculate the remainder when ((-30)/12)/((-2)/r) is divided by 9.
7
Let o(z) = z**2 - 5*z - 6. Let v be (-6)/(-30) + 68/10. Calculate the remainder when 14 is divided by o(v).
6
Let x = 34 + -23. Calculate the remainder when 42 is divided by x.
9
Let t(n) = -n**3 - 2*n**2 + 5*n + 1. Suppose 4*s + 18 = s - 3*q, 0 = 3*s + 5*q + 22. Calculate the remainder when 49 is divided by t(s).
10
Let u(p) = -p**2 - 9*p + 9. Let y be ((-1)/2)/1*14. Let f = 118 - 50. Calculate the remainder when f is divided by u(y).
22
Let j(y) = y**3 + 2. Let h be j(0). Suppose h*n = -0*n. Suppose n - 12 = -2*q. What is the remainder when 17 is divided by q?
5
Let f be 1*(-2)/((-2)/2). Let a be (2 - -2)/f - -2. Suppose 0*b + a*b = 56. What is the remainder when b is divided by 5?
4
Suppose 0 = -v + 4*t + 40, 3*t = -5*v - 2*t + 75. What is the remainder when 99 is divided by v?
19
Suppose 5*l - 20 = -g + 12, 4*l = 3*g + 18. Calculate the remainder when 10 is divided by l.
4
Let u be (2 + 1/(-1))*-4. Let m be 0/(4/(u/2)). Suppose 2*a - 59 - 21 = m. What is the remainder when a is divided by 14?
12
Suppose -n - l + 26 = 0, 6*l = -4*n + l + 107. Suppose -n = -5*t + 2. Calculate the remainder when 18 is divided by t.
3
Let o = 4 + 3. Let t = 0 - -19. What is the remainder when t is divided by o?
5
Let p(q) = -20*q + 3. Calculate the remainder when p(-3) is divided by 11.
8
Let z(d) = 2*d**2 - 6*d + 7. Calculate the remainder when z(6) is divided by (-1)/(1 - 0) + 16.
13
Suppose -138 = -4*s + 3*z, 2*s + 0*s - 2*z = 70. Calculate the remainder when s is divided by 9.
6
Let l(u) = -u**3 + 5*u**2 + 6*u. Let q be l(6). Suppose 63 = 2*m + 2*m - 5*z, -2*m + 2*z + 30 = q. Calculate the remainder when m is divided by 7.
5
Let q = 66 - 45. Calculate the remainder when 36 is divided by q.
15
Suppose 4*p - 3*p - 6 = 0. Let i = -3 + p. Suppose -x - 9 = -o - 5*x, 0 = 3*o + 5*x - 13. Calculate the remainder when i is divided by o.
0
Suppose -5*q - 9 = -104. Calculate the remainder when 93 is divided by q.
17
Let p(b) = b**2 - 5*b - 1. Let i be p(-3). Suppose -6*w = -w - 30. Let u = i - w. What is the remainder when 49 is divided by u?
15
Suppose 5*u - 4*u = 32. Let y = -18 + u. Calculate the remainder when 27*1 - 0/1 is divided by y.
13
Let l be 376/10 - 4/(-10). Suppose 2*d - l = 5*s, 65 = 5*d - 8*s + 3*s. Calculate the remainder when 33 is divided by d.
6
Let v = -84 + 42. Let i = 28 - 9. Calculate the remainder when 766/14 - 12/v is divided by i.
17
Let l(z) = -8*z - 1. Let u be l(-7). Let s = u + -29. Calculate the remainder when 31 is divided by 106/13 - 4/s.
7
Suppose 3*q + 2*q = 3*r + 236, 0 = q - 5*r - 34. What is the remainder when 95 is divided by q?
46
Suppose 2*w + 9 = 85. Suppose -3*k = -k - w. What is the remainder when 36 is divided by k?
17
Let y(f) = f**2 - 15*f - 42. What is the remainder when 21 is divided by y(18)?
9
Let k = 16 - 13. Calculate the remainder when 4 is divided by k.
1
Let x